{"id":1340,"date":"2023-11-09T12:11:32","date_gmt":"2023-11-09T12:11:32","guid":{"rendered":"https:\/\/lacrocherie.fr\/la-boutique\/?post_type=product&#038;p=1340"},"modified":"2023-11-09T12:13:37","modified_gmt":"2023-11-09T12:13:37","slug":"menage","status":"publish","type":"product","link":"https:\/\/lacrocherie.fr\/la-boutique\/produit\/menage\/","title":{"rendered":"Prestation de m\u00e9nage additionelle"},"content":{"rendered":"<p>Pour plus de confort vous pouvez sollicit\u00e9 une prestation de m\u00e9nage additionnelle durant votre s\u00e9jour, cette prestation inclue:<\/p>\n<ul>\n<li>Changement des draps<\/li>\n<li>Recharge savon<\/li>\n<li>Aspirateur<\/li>\n<\/ul>\n<p>Cet prestation est disponible uniquement pour nos voyageurs.<\/p>\n","protected":false},"excerpt":{"rendered":"<p>Prestation de m\u00e9nage additionnelle<\/p>\n","protected":false},"featured_media":142,"template":"","meta":[],"product_brand":[],"product_cat":[32],"product_tag":[],"class_list":{"0":"post-1340","1":"product","2":"type-product","3":"status-publish","4":"has-post-thumbnail","6":"product_cat-sejour","8":"first","9":"instock","10":"shipping-taxable","11":"purchasable","12":"product-type-simple"},"_links":{"self":[{"href":"https:\/\/lacrocherie.fr\/la-boutique\/wp-json\/wp\/v2\/product\/1340","targetHints":{"allow":["GET"]}}],"collection":[{"href":"https:\/\/lacrocherie.fr\/la-boutique\/wp-json\/wp\/v2\/product"}],"about":[{"href":"https:\/\/lacrocherie.fr\/la-boutique\/wp-json\/wp\/v2\/types\/product"}],"version-history":[{"count":3,"href":"https:\/\/lacrocherie.fr\/la-boutique\/wp-json\/wp\/v2\/product\/1340\/revisions"}],"predecessor-version":[{"id":1347,"href":"https:\/\/lacrocherie.fr\/la-boutique\/wp-json\/wp\/v2\/product\/1340\/revisions\/1347"}],"wp:featuredmedia":[{"embeddable":true,"href":"https:\/\/lacrocherie.fr\/la-boutique\/wp-json\/wp\/v2\/media\/142"}],"wp:attachment":[{"href":"https:\/\/lacrocherie.fr\/la-boutique\/wp-json\/wp\/v2\/media?parent=1340"}],"wp:term":[{"taxonomy":"product_brand","embeddable":true,"href":"https:\/\/lacrocherie.fr\/la-boutique\/wp-json\/wp\/v2\/product_brand?post=1340"},{"taxonomy":"product_cat","embeddable":true,"href":"https:\/\/lacrocherie.fr\/la-boutique\/wp-json\/wp\/v2\/product_cat?post=1340"},{"taxonomy":"product_tag","embeddable":true,"href":"https:\/\/lacrocherie.fr\/la-boutique\/wp-json\/wp\/v2\/product_tag?post=1340"}],"curies":[{"name":"wp","href":"https:\/\/api.w.org\/{rel}","templated":true}]}}